common divisor of l and 60.
15
Let x = 774 + -293. What is the greatest common divisor of x and 26?
13
Let q(f) be the first derivative of f**3/3 - 3*f**2/2 - 29*f - 62. Let n be q(9). What is the highest common divisor of n and 150?
25
Let x(u) = 4*u**2 - u - 4. Let s be x(2). Let i(m) = m**3 - 8*m**2 - 2*m - 70. Let o be i(10). Calculate the highest common divisor of s and o.
10
Suppose 3*p - 2*z + 68 = -6*z, 0 = 2*z + 10. Let q be (-1 + 9)/p*-28. What is the greatest common divisor of 1568 and q?
14
Suppose -5*o + 28 = 2*r, -29 = -4*r - 3*o - 1. Suppose -5*p + 2*p + 5*j = -790, -4*p - r*j + 1096 = 0. What is the highest common divisor of 10 and p?
10
Let q = -90 - -88. Let i be 4578/98 - q/7 - -2. Let v(u) = u**3 + 7*u**2 + 7*u + 6. Let d be v(-5). Calculate the highest common factor of i and d.
7
Let r = -550 + 552. Let m = 186 - r. Calculate the highest common divisor of m and 8.
8
Suppose 23 = q + 19. Suppose -5*j = 3*v - 3674, -3*j + 742 + 1474 = -q*v. Calculate the highest common divisor of j and 92.
92
Suppose -7*u = -6*u - 39. Let p = 81503 + -81360. What is the greatest common factor of u and p?
13
Let y = -6 - -18. Suppose 3971*m = 1993*m + 2008*m - 29880. What is the highest common divisor of m and y?
12
Let h = 926 + -752. Calculate the greatest common factor of h and 2262.
174
Suppose -367*v + i - 173 = -370*v, -i - 291 = -5*v. Calculate the greatest common factor of v and 116.
58
Let r be -78 + ((-7)/1 - -8). Let k be (-128)/(-7) - (-22)/r. Calculate the greatest common divisor of 126 and k.
18
Suppose -6*w + 62 = -136. Suppose 30*n + w = 33*n. Calculate the highest common divisor of 264 and n.
11
Suppose d + 5*p + 26 = -1, -p - 3 = 0. Let t be (-6)/(-24) - 45/d. Suppose -38*r = -29*r - 144. What is the greatest common factor of r and t?
4
Let n be (2 - 0)/(2/84). Let h be (-5 - -10) + (-3 - -3). Suppose -5*i - 5*t + 55 = 0, 2*i = 5*t + h + 24. What is the greatest common divisor of n and i?
12
Let p be 9/12 - (-285)/4. Suppose -x + p = 3*x. Suppose -5*h = 3*m - 0*m - 102, h - 4*m - 2 = 0. Calculate the greatest common factor of x and h.
18
Suppose -117*t + 3955 + 12140 + 10932 = 0. Calculate the greatest common factor of t and 308.
77
Let u(b) = -b**3 + 10*b**2 - 32*b + 332. Let c be u(10). Calculate the greatest common divisor of 524 and c.
4
Let s be 3 - (-9)/(9/2). Suppose o = 3*l + 2 - 7, s*o = -l - 9. Let a be l/(46/(-24) + 13 + -11). What is the greatest common divisor of a and 60?
12
Let w = -36 + 37. Let r = 41 - 30. Let d = r - 4. Calculate the greatest common divisor of d and w.
1
Suppose 0 = 13*m - 10*m - 114. Suppose g + 11 = -4*q - q, 2*g - 5*q - m = 0. Calculate the highest common divisor of 18 and g.
9
Suppose -2*p + 4*a = 879 - 1127, 0 = 3*p - 5*a - 368. Calculate the greatest common factor of p and 319.
29
Suppose 4*x + 779 + 1113 = 4*h, 0 = x - 3. What is the highest common factor of 63 and h?
7
Let i be 16/10 + -1 - 56/10. Let y = i - -49. Suppose y - 128 = -7*l. Calculate the greatest common divisor of l and 12.
12
Let i = 641 + -165. Suppose 3*q - i - 1 = -4*a, -2*q = -6. What is the greatest common factor of 36 and a?
9
Suppose -7*h + 6764 - 6029 = 0. Calculate the greatest common divisor of h and 1533.
21
Suppose 200208 + 467472 = -0*s + 208*s. Calculate the greatest common factor of s and 60.
30
Suppose 60 = -5*q + 85. Let w(m) = 2*m**3 - 4*m**2 + m + 12. Let l be w(q). Let u be (-1 - 4) + -2 + l. What is the highest common divisor of u and 64?
32
Let g(y) = -4 - y - 57*y**2 + 197*y**2 - 83*y**2 - 2 - 56*y**2. Suppose 4*j + 7 = 47. Let c be g(j). Calculate the highest common factor of 28 and c.
28
Let c = -1818 + 5192. What is the greatest common factor of 56 and c?
14
Let g(x) be the first derivative of -x**4/4 - 3*x**3 + 8*x**2 + 10*x + 55. Let i be g(-11). Calculate the greatest common factor of i and 38.
38
Let h = -170 - -170. Suppose -165 = -15*f - h*f. Let x be 12 - -1 - (2 + 0). What is the greatest common factor of f and x?
11
Let d = -17 + 17. Suppose d = -4*z + 11 + 1. Let g(p) = -37*p - 4. Let a be g(-1). Calculate the highest common factor of a and z.
3
Suppose -411*r + 102 = 7*q - 415*r, 4*r = -q - 22. Let c = 1024 + -614. What is the greatest common factor of c and q?
10
Suppose 0 = 3*w - 39 + 60. Let q = -5 - w. Calculate the highest common divisor of q and 14.
2
Let w(g) = -111*g + 514. Let t be w(-2). What is the greatest common divisor of 112 and t?
16
Let y(g) = -252*g - 15084. Let q be y(-60). Suppose -16 = -5*d + 4*u, 3*d = -0*u + u + 11. Calculate the highest common divisor of d and q.
4
Let w be (0 + (-2)/(-6))/((-10)/(-11580)). Let n = 412 - w. Calculate the greatest common factor of n and 143.
13
Suppose 1932 = 5*z + 2*j, -3*z - 25*j = -26*j - 1168. Let o = 544 - z. What is the highest common factor of 117 and o?
39
Let z be (18/36)/(2/132). What is the highest common factor of 3 and z?
3
Let t = -258 + 254. Let j be (-252)/t + (-6)/(-1). Calculate the highest common factor of j and 23.
23
Suppose -40 = -22*j + 14*j. Suppose -j*v + v = -228. Calculate the highest common factor of 456 and v.
57
Let a(z) = -10*z + 8*z + 0 + 4*z**2 + z**3 - 1. Let x be a(-2). Calculate the greatest common divisor of 88 and x.
11
Suppose -24*s - 60 = -29*s. Suppose 1063 = s*n + 7. Calculate the greatest common factor of 20 and n.
4
Suppose 3*n = 997 + 878. Let c be ((175/10)/(-7))/((-6)/40*(-48)/(-144)). Calculate the highest common factor of n and c.
25
Suppose 0 = -9*z - 2253 - 33. Let f = -74 + -28. Let a = f - z. What is the greatest common factor of a and 19?
19
Suppose 13*a - 5756 = 3539. Suppose 15*o - 2*o = a. What is the highest common divisor of o and 385?
55
Suppose -162 = -9*h - 9. Suppose 33 = 4*j - 5*t, 2*j + 5*t + 4 = -h. What is the greatest common divisor of j and 2?
2
Suppose 46*q - 1152 - 504 = 0. Let x(y) = -y**3 + y**2 + y + 156. Let s be x(0). Calculate the greatest common factor of s and q.
12
Let o(a) = 11*a**2 - 1 - 7*a**2 + 3*a + 10*a**2. Let i be o(1). Suppose -10*x + 6*x = -i. What is the highest common factor of 4 and x?
4
Let t(m) = m**3 - 80*m**2 + 179*m + 780. Let f be t(86). What is the highest common factor of 350 and f?
350
Let d = -224 + 305. Let i(n) = -n**3 - 21*n**2 - 19*n + 29. Let x be i(-20). Calculate the highest common divisor of d and x.
9
Let r(v) = -11*v - 8. Let g be r(-2). Let d = 119 - g. What is the highest common factor of 21 and d?
21
Let w be ((-19)/(-38))/(2/(-2616)). Let o = w + 674. Calculate the highest common factor of 36 and o.
4
Let c(p) = -181*p**2 + 755*p + 8. Let f be c(4). What is the greatest common factor of 1860 and f?
12
Let m = -16 + 23. Suppose -4*u + 212 = 3*p - 0*p, 0 = -5*p - 20. Calculate the greatest common factor of m and u.
7
Suppose 0*w - 4 = w + 5*a, 4*a = w - 14. Let r be w/2*(6 + -1). Let k be (-3)/r + (-693)/(-15) + -4. Calculate the greatest common factor of k and 14.
14
Suppose 5376 = 361*s - 313*s. What is the greatest common divisor of s and 91?
7
Let m(a) = a + 53. Suppose -10 = -t + 3*t, 4*c = 4*t - 36. Let h be m(c). Calculate the highest common factor of h and 741.
39
Let a = -916 - -1141. Let c(s) = -s**2 - 5*s - 1. Let h be c(-4). Suppose 234 = z + p, -h*p + a = z - 5*p. What is the highest common factor of z and 21?
21
Suppose -2*l + 7*d = 12*d - 4551, -d - 5 = 0. What is the greatest common factor of l and 65?
13
Let j = -40209 - -40361. What is the greatest common factor of 1007 and j?
19
Suppose -3*d = 2*d - 15. Suppose d*i + 21 = 4*l, 3*l - 5*i = -0*l + 13. Suppose -5*p + 3 = -27. What is the greatest common divisor of p and l?
6
Suppose 0 = 5*h - 41 - 49. Suppose -4 - 101 = -7*r. Suppose -180 = -r*f + 11*f. Calculate the greatest common divisor of f and h.
9
Let f(t) = t**3 + 17*t**2 - 24*t - 60. Let w be f(-18). Suppose -2*m + 5*o = -1051, -3*m = -3*o - o - 1580. Calculate the highest common divisor of w and m.
48
Let d be 39/(4*(-21)/(-140)). Let r(k) = -k**3 + 7*k**2 + 8*k - 4. Let h be r(7). What is the greatest common factor of d and h?
13
Let b be (-17)/(-5) + (-2)/5. Suppose -22 = 17*q - 19*q - 5*y, y = 4. Suppose 16 = 4*v - 4*a, 9 + q = b*v - 2*a. Calculate the highest common factor of v and 1.
1
Let s(w) = -12*w**3 + 112*w**2 + 39*w + 18. Let m be s(9). Calculate the greatest common fact